 what is 4346 + -4?
4342
In base 14, what is 4 - b89?
-b85
In base 15, what is 42 - -1?
43
In base 15, what is -29 + -a?
-34
In base 12, what is -b2 - 0?
-b2
In base 4, what is 30 - 11?
13
In base 16, what is 179 - 1?
178
In base 11, what is 278 + 3?
280
In base 10, what is -954 + -3?
-957
In base 2, what is -1000111101 + 0?
-1000111101
In base 15, what is -a + -d8?
-e3
In base 4, what is -10 - -333122?
333112
In base 4, what is 3110 + 3?
3113
In base 11, what is 4 - -a8?
101
In base 10, what is 3 + -489?
-486
In base 15, what is -11 - -14?
3
In base 3, what is -2 + -1012020?
-1012022
In base 10, what is -7110 - 1?
-7111
In base 16, what is -210 + 4?
-20c
In base 11, what is -4a + -17?
-66
In base 15, what is -8 - 12d?
-136
In base 8, what is 1 - -134?
135
In base 12, what is 2 - 4569?
-4567
In base 12, what is 2a - -3?
31
In base 5, what is -241 - 34?
-330
In base 16, what is -d83 - 3?
-d86
In base 14, what is -c - 31?
-3d
In base 12, what is 4 - -20?
24
In base 6, what is -13 + 54?
41
In base 6, what is 30510 - -3?
30513
In base 12, what is a + 2168?
2176
In base 11, what is -5 + 94?
8a
In base 14, what is a - -1b?
27
In base 9, what is -4 + -213?
-217
In base 7, what is -106 + -43?
-152
In base 4, what is -1330 + -1?
-1331
In base 11, what is -83 + 4?
-7a
In base 7, what is 0 - 30?
-30
In base 15, what is 50 - -4?
54
In base 7, what is -25 - 1201?
-1226
In base 8, what is -14 + 0?
-14
In base 9, what is 320 + 7?
327
In base 8, what is -641 + 64?
-555
In base 9, what is -11 - 27?
-38
In base 3, what is -200210120 + 12?
-200210101
In base 3, what is -11 - 201?
-212
In base 13, what is 2 + 66?
68
In base 7, what is 5 - 1330?
-1322
In base 3, what is 12 + -1001220?
-1001201
In base 10, what is -3 - -1363?
1360
In base 9, what is -61 + -252?
-323
In base 3, what is -11 + 20112?
20101
In base 10, what is -12025 - 1?
-12026
In base 2, what is 10011011 + -100?
10010111
In base 9, what is -3 - -36?
33
In base 8, what is -175 + -6?
-203
In base 13, what is 1084 + 3?
1087
In base 2, what is -111 + 11100?
10101
In base 4, what is 221 + 1011?
1232
In base 11, what is -2 + 37?
35
In base 2, what is 111110110 + 10?
111111000
In base 5, what is -13210 - 0?
-13210
In base 12, what is 4 - -31?
35
In base 2, what is 11 - -1001000?
1001011
In base 6, what is 1 + -132?
-131
In base 2, what is -1000000100 + 0?
-1000000100
In base 15, what is 1 - 11a?
-119
In base 9, what is -23 + -117?
-141
In base 10, what is 759 - 2?
757
In base 8, what is -273 - 2?
-275
In base 7, what is 22630 + 2?
22632
In base 5, what is -1342 + -3?
-1400
In base 12, what is -116 - 9?
-123
In base 7, what is 2 - -1366?
1401
In base 16, what is -37f - -5?
-37a
In base 13, what is 0 - 1a1?
-1a1
In base 6, what is -41224 + 1?
-41223
In base 15, what is 19 + -2?
17
In base 16, what is 72 - 3?
6f
In base 13, what is -1 + 11?
10
In base 12, what is -21 + -12?
-33
In base 16, what is 692 - 4?
68e
In base 15, what is -107b - 0?
-107b
In base 14, what is -23 - 6?
-29
In base 12, what is 3 - 35?
-32
In base 13, what is -23b - -5?
-236
In base 11, what is 15 + -4?
11
In base 4, what is 32 + 310?
1002
In base 10, what is -28 - -547?
519
In base 7, what is -35 + -11?
-46
In base 16, what is 3 - 17?
-14
In base 6, what is 2 + 240?
242
In base 6, what is 24 - 15?
5
In base 13, what is -2 + -c51?
-c53
In base 14, what is 1 + -21?
-20
In base 15, what is -e + -2d1?
-2e0
In base 14, what is 0 + -918?
-918
In base 6, what is -1413 + 1?
-1412
In base 14, what is 272 + 7?
279
In base 16, what is 6 - 14?
-e
In base 16, what is -4 + 683?
67f
In base 15, what is 67c + 6?
683
In base 4, what is 0 - -10333?
10333
In base 2, what is -1010 - 110?
-10000
In base 14, what is 3 + -236?
-233
In base 7, what is 40333 + 0?
40333
In base 15, what is -87 - d?
-95
In base 12, what is 3a + -a8?
-6a
In base 2, what is 1 + 10100100?
10100101
In base 11, what is -5 + -13?
-18
In base 11, what is -4 + 126?
122
In base 13, what is 42 - 4?
3b
In base 5, what is -102 - -230?
123
In base 14, what is -6 - -ba?
b4
In base 14, what is 9 - 9?
0
In base 6, what is 0 - 24503?
-24503
In base 15, what is -4a - -5d?
13
In base 4, what is -320 + 203?
-111
In base 7, what is -430 + -10?
-440
In base 6, what is 0 + 10445?
10445
In base 13, what is -14 + -679?
-690
In base 9, what is -3 - -31?
27
In base 15, what is 13 + 1b?
2e
In base 3, what is 111 - -10212?
11100
In base 10, what is -20 + 21?
1
In base 6, what is 10 + 432?
442
In base 6, what is 10 + -200?
-150
In base 3, what is 11000 - 102?
10121
In base 4, what is 10 - -200020?
200030
In base 10, what is -2 + -143?
-145
In base 4, what is 0 - 1332?
-1332
In base 13, what is 12c + 5?
134
In base 13, what is -16c + -13?
-182
In base 2, what is 0 + 101?
101
In base 16, what is 1d - -1?
1e
In base 14, what is -31c2 + 2?
-31c0
In base 13, what is -5 + 275?
270
In base 10, what is 1 + 89?
90
In base 5, what is -32 + -1233?
-1320
In base 13, what is 2 + -196?
-194
In base 9, what is 168 + 8?
177
In base 11, what is 26 + 86?
101
In base 4, what is -2 - 321?
-323
In base 10, what is -10 - 23?
-33
In base 15, what is -3 - -2ee?
2eb
In base 4, what is -13030 + 22?
-13002
In base 6, what is -4 + 135?
131
In base 10, what is -218 + -3?
-221
In base 11, what is -2 - 274?
-276
In base 6, what is 2 + 230?
232
In base 10, what is -1354 + -5?
-1359
In base 7, what is -1532 + -2?
-1534
In base 4, what is -1313 - -221?
-1032
In base 5, what is -4 + 14?
10
In base 2, what is -1101 + -100101100?
-100111001
In base 7, what is -5311 + -4?
-5315
In base 14, what is 3 + 4b?
50
In base 13, what is 62 - -2?
64
In base 13, what is -1 + 189?
188
In base 3, what is -2 + -1000221?
-1001000
In base 3, what is 10 - -101?
111
In base 5, what is 30112 + -10?
30102
In base 10, what is 1 - 44?
-43
In base 11, what is 108 - -2?
10a
In base 7, what is -1353 + 2?
-1351
In base 13, what is 4c1 - 0?
4c1
In base 5, what is 10 + -23202?
-23142
In base 2, what is -100 + 100000?
11100
In base 2, what is -100010 + 111011?
11001
In base 7, what is 3 + -1324?
-1321
In base 16, what is bc - -7?
c3
In base 5, what is 122 - 123?
-1
In base 4, what is 2210 - -10?
2220
In base 8, what is 4514 + 1?
4515
In base 14, what is -21a - -1?
-219
In base 10, what is 0 - 78?
-78
In base 12, what is 42 + 7?
49
In base 9, what is 212 - -5?
217
In base 10, what is -4 + 626?
622
In base 10, what is 1967 - 5?
1962
In base 7, what is 5650 - -1?
5651
In base 10, what is -15 + 16?
1
In base 8, what is -2534 + 4?
-2530
In base 11, what is -1041 + -4?
-1045
In base 16, what is -5e - -3?
-5b
In base 9, what is 146 - -20?
166
In base 9, what is 7853 + 4?
7857
In base 12, what is -2140 + 3?
-2139
In base 11, what is -174 + -2?
-176
In base 6, what is 12244 - -5?
12253
In base 11, what is -7a38 + 0?
-7a38
In base 14, what is 440 + 2?
442
In base 6, what is -1 + -11525?
-11530
In base 6, what is -10 + -1124?
-1134
In base 9, what is 0 + 752?
752
In base 13, what is 2 - -3b?
40
In base 9, what is -3677 - -5?
-3672
In base 8, what is -4 + 1626?
1622
In base 2, what is 1 + 1110101?
1110110
In base 14, what is -5 - -143?
13c
In base 11, what is 11 + 52?
63
In base 14, what is 145 + 5?
14a
In base 6, what is -4 - 3430?
-3434
In base 8, what is 1 + 411?
412
In base 9, what is -331 - -43?
-277
In base 10, what is 647 - -3?
650
In base 14, what is -26c - 0?
-26c
In base 3, what is -10 - 11210?
-11220
In base 4, what is 2 - -202?
210
In base 15, what is -257 - -1?
-256
In base 16, what is -8 - 2?
-a
In base 7, what is -1 + -11056?
-11060
In base 5, what is 2400 + -14?
2331
In base 9, what is 0 + -33?
-33
In base 4, what is -10 + -12222?
-12232
In base 5, what is 1230 - -3?
1233
In base 13, what is 1ab + 6?
1b4
In base 15, what is 3a - 133?
-e8
In base 11, what is 182 + 7?
189
In base 11, what is -10a8 - -5?
-10a3
In base 14, what is 8a + 2?
8c
In base 2, what is 1101001 - 11110?
1001011
In base 12, what is 6ab3 + 2?
6ab5
In base 13, what is 199 - 48?
151
In base 6, what is -4 + 122?
114
In base 6, what is -4 + -214?
-222
In base 7, what is 1 + 2416?
2420
In base 12, what is 692 + -1?
691
In base 4, what is 10 + 100130?
100200
In base 16, what is 228 + -2?
226
In base 6, what is 115 + 30?
145
In base 8, what is 7 + 477?
506
In base 13, what is -169 + 17?
-152
In base 6, what